 the prime factors of q/(-4)*24/18?
2
Suppose b - 5*j - 22 = 0, -3*b - 4*j + 0 = -85. Let h = 45 - b. List the prime factors of h.
2, 3
Let z = -9 + 134. What are the prime factors of z?
5
Suppose -2*u + 3*u - 6 = 0. Suppose -3*i = u*b - 2*b + 38, -5*i = 5*b + 50. List the prime factors of 60/(-16)*b/3.
2, 5
Let g(j) = 0*j + 1 + 0 - 3*j. Let t be g(-1). Suppose -10 - 6 = -5*r + 3*n, 0 = -t*r + 5*n + 5. What are the prime factors of r?
5
Suppose -2*z - 5*t + 83 + 4 = 0, 0 = -3*z - 3*t + 108. List the prime factors of z.
31
Suppose 0 = -0*j + 5*j. Suppose j*z - 2 = -2*z + 4*i, -5*z + i = -32. Let r = -3 + z. List the prime factors of r.
2
Let o(c) = -c**2 - c + 135. List the prime factors of o(0).
3, 5
Suppose -2*q - 6 + 4 = -4*z, -5*z - 2 = -4*q. Let u(n) = n**2 + n - 2. Let i be u(z). What are the prime factors of 16/12*6/i?
2
Let o be 4 + -4 + 1 + 0. Suppose 0 = -4*i + 9 - o. List the prime factors of -12*2/(i*-2).
2, 3
Suppose 18 = -s - 94. Let z = -66 - s. List the prime factors of z.
2, 23
Suppose u = 4*u. Suppose -3*a = -u*a - 48. Let x = a - 9. List the prime factors of x.
7
List the prime factors of ((-15)/(-4))/((-30)/(-200)).
5
Suppose -2*s = -r - 52, -2*r = -4*s - 5*r + 124. What are the prime factors of s?
2, 7
Let r = -9 - -15. Let m(s) = -s**2 + 8*s - 2. List the prime factors of m(r).
2, 5
Let i = -18 - -15. Suppose -5*x = b + 17, -x - 4*x = 2*b + 14. List the prime factors of (i/(-2))/(b/6).
3
Suppose -6*o = -5*o - 3. Suppose 0 = o*q - 33 + 12. What are the prime factors of q?
7
Let p = -6 - -7. Let n(j) = 9*j**2 + j - 1. List the prime factors of n(p).
3
Let p = 9 + 5. List the prime factors of p.
2, 7
Let c = 12 + -4. Let i(j) = 12*j**2 + 2*j - 2*j**3 - 4*j**2 - 8 + j**3. What are the prime factors of i(c)?
2
Let w = 1 - -1. Suppose 0*o = w*o. Suppose o = 7*k - 2*k - 50. What are the prime factors of k?
2, 5
Suppose 0 = -4*a + 8 + 8. Suppose 0*x = x + y, -3*x - a*y = 3. Suppose 0 = -x*p + 2*p + 4. What are the prime factors of p?
2
Let a(d) = 5*d + 0*d + 3 + d**2 - 2. What are the prime factors of a(-6)?
7
Let a(z) = 12*z - 33. List the prime factors of a(9).
3, 5
Suppose 7 = 3*j + 1. Suppose -2*n = n - 81. Suppose -j*r = -5*f - 31, 2*r = -r + f + n. List the prime factors of r.
2
Let v(u) = 3*u**2 - 1. Let f be (-1 + 3)/(2/3). Let c be v(f). Let p = -10 + c. List the prime factors of p.
2
Suppose 2*w - 3 - 7 = 0. Let n = w + 18. List the prime factors of n.
23
Suppose 0 = 4*q - 0*q + 36. Let o = 18 + q. List the prime factors of o.
3
List the prime factors of -3 + 42 - 0 - 4.
5, 7
Suppose 4*o - 26 = 5*g, 0 = -3*o - g - 5 + 15. Let w be (-45)/(-12) - (-1)/o. What are the prime factors of 0 + 1 + 1 + w?
2, 3
Let l = -5 - -1. Let n(a) = a**2 - 6*a - 6. What are the prime factors of n(l)?
2, 17
List the prime factors of (-2 - -6) + 56 + -1.
59
What are the prime factors of 654/27 - 2/9?
2, 3
Let h(t) = -2*t**2 - 5*t - 3. Let z be h(-3). Let f be (20/z)/(1/(-3)). Suppose -5*q + 0 + f = 0. What are the prime factors of q?
2
Let g(f) = 4*f**2 - 4*f + 5. What are the prime factors of g(2)?
13
Suppose -140 = -c - c. What are the prime factors of c?
2, 5, 7
Suppose -9 = 5*f - 3*g, -3*f - 2*g = 2*g - 12. Suppose x = y + 4*y + 109, -2*x - 2 = f. Let w = y + 33. List the prime factors of w.
11
Suppose -2*m + 5 = -5. Suppose i + 12 = m*i. Suppose -i = -2*a + 3. What are the prime factors of a?
3
Let t = -2 - -8. Suppose t*c - c = 55. List the prime factors of c.
11
Let m be -6*5/((-45)/6). Suppose 0 = -3*t + k + 11, m - 3 = -3*t + 4*k. Suppose 1 + 1 = 2*w, -t*w = -2*z + 11. What are the prime factors of z?
2
Let h = -13 - -8. Let q be -1 - -5 - (7 + h). Suppose 2*i = -q*i + 12. What are the prime factors of i?
3
Suppose 0 = 2*g + 5*m - 75, -4*m = -8*m - 4. What are the prime factors of g?
2, 5
What are the prime factors of (18/(-4))/((-6)/56)?
2, 3, 7
Suppose 2 = -3*z + 14. Suppose 0 = -t + z + 4. List the prime factors of t.
2
Suppose 0 = -5*z - 466 + 1996. What are the prime factors of z?
2, 3, 17
Let p be (0 + -1)*1 + 2. Let u = 3 - p. What are the prime factors of u?
2
Suppose -178 = -5*c + 37. What are the prime factors of c?
43
Let o(k) = -13*k. Let a be o(-1). Suppose a = 3*s - 5*v - 4, -11 = -3*s - v. What are the prime factors of s?
2
Suppose -15 = x + 2*x. Let v be x/(-2) - 6/(-12). Suppose 8*p - v*p - 2*r - 92 = 0, 19 = p - r. What are the prime factors of p?
2, 3
Let w be 2/(-3)*57/(-2). Suppose m = 3*l - 9, 4*l + 7 - w = m. Suppose -3*n + m + 18 = 0. List the prime factors of n.
2, 3
Let n(r) = 2*r - 12. What are the prime factors of n(8)?
2
Let y = 3 - -1. Suppose -20 = -0*o - y*o. List the prime factors of o.
5
List the prime factors of (8/(-4) - 2) + (-2 - -197).
191
Let y(d) = d**3 + 13*d**2 + 10*d + 4. What are the prime factors of y(-11)?
2, 17
Let q(z) = z**3 - 6*z**2 + 3*z - 6. Let n = 9 - 3. Suppose 0 = 3*d - n*d + 18. What are the prime factors of q(d)?
2, 3
Let f(s) = 20*s - 1. Let n be f(1). Let p = 35 - n. List the prime factors of p.
2
Let k = -48 - -129. What are the prime factors of k?
3
Suppose 5*b - 25 - 32 = -2*a, 0 = -2*b - 4*a + 10. What are the prime factors of b?
13
Suppose 0*o = 5*l + 4*o + 41, 2*l - o = -19. List the prime factors of (-120)/l - (-8)/12.
2, 7
What are the prime factors of (-10)/4*22/(-5)?
11
Let x(p) = 3*p**2 - 9*p + 16. List the prime factors of x(4).
2, 7
Suppose 2*m = 3*m. Suppose m = d + 4*p - 32, 6*p = 3*d + p - 28. What are the prime factors of d?
2
Suppose 343 = -5*x - 3*y + 59, -4*x + 5*y - 205 = 0. Let l = 86 + x. What are the prime factors of l?
31
Let l(n) be the third derivative of -n**4/24 + n**3/3 - n**2. List the prime factors of l(-6).
2
Let s(p) = 10*p**2 + 7*p + 4. List the prime factors of s(-5).
3, 73
Let j(i) = -8*i**2 - 3 - i**3 - 1 - 4 - 10*i. Let x be j(-7). Let q = x - 5. What are the prime factors of q?
2
Suppose -4*t - 64 = -2*c, c = 4*c - 5*t - 97. What are the prime factors of c?
2, 17
List the prime factors of (-537)/(-2) - (-2)/4.
269
Let m(l) = l**3 - 3*l**2 - 4*l + 5. Suppose 3*p = 4*p - 13. Suppose -1 = 3*t - p. List the prime factors of m(t).
5
Suppose -2*i - 4 = -8. Suppose -i*t - 3 = 1, 5*b - 37 = t. What are the prime factors of b?
7
Suppose -30 = -2*f - 3*g - 0, 0 = -4*g. List the prime factors of f.
3, 5
Let k(v) = v - 8. Let f be k(10). What are the prime factors of (-1)/(15/(-6) + f)?
2
Let c(t) = -1 + 3*t + 7*t - 9*t. Let n be c(-5). List the prime factors of (-6*4/n)/2.
2
Suppose -81 = -k - 30. List the prime factors of k.
3, 17
Suppose -4*u - 12 = 0, -3*d - u + 385 = -d. List the prime factors of d.
2, 97
Let i = -2 - -4. Suppose -4*q - 3*n = -5*n - 20, -i*q + 20 = 4*n. List the prime factors of q.
2, 3
Let k(f) = 7*f**3 + 11*f**2 - f - 4. Let j(d) = -15*d**3 - 23*d**2 + 2*d + 9. Let z(g) = 6*j(g) + 13*k(g). What are the prime factors of z(-4)?
2, 11
Suppose 4*b = -n - 2*n - 2, 4 = -2*b. Suppose -2*d - n*j - 46 = 3*d, 4*j + 4 = d. Let r(t) = -t - 3. List the prime factors of r(d).
5
Suppose 3*k = -k + 12. Let b(r) = 10 + 4*r - 10 - r**2. List the prime factors of b(k).
3
Let a be (9/(-6))/((-2)/4). What are the prime factors of a/24*54*4?
3
Let q = 3 + -7. Suppose 0*v - 4*v = -8. What are the prime factors of ((-13)/2)/(v/q)?
13
Let o = -85 - -235. List the prime factors of o.
2, 3, 5
Suppose -4*y + 3*u - 2*u + 5 = 0, 0 = -2*y - 4*u - 20. Let p = y - -2. What are the prime factors of p?
2
Let l = 18 + 3. What are the prime factors of l/(-2)*8/(-12)?
7
Let x = -37 - -52. Let z = x + -26. Let j = -7 - z. List the prime factors of j.
2
Let a(c) = 6*c + 14. Let v be a(-6). List the prime factors of 2/11 - 40/v.
2
List the prime factors of 8/(216/3801) - 2/(-9).
3, 47
Suppose 3*b - 71 + 17 = 0. List the prime factors of b.
2, 3
Let k = -2 - -8. Let j = 0 - k. Let i = 9 + j. What are the prime factors of i?
3
Suppose 2*y + 348 + 589 = 5*n, 0 = -3*y - 3. List the prime factors of n.
11, 17
Let q = -27 - -38. Suppose 3*o + q = -2*n - 2*o, -3*o - 7 = n. Suppose 10 = n*u + 3*u. What are the prime factors of u?
2
Let g be 1*-4*(-10 - -3). Let z = g - 19. What are the prime factors of z?
3
Let q = 8 + 20. Let n = q + -20. What are the prime factors of n?
2
Suppose -4 = -7*h + 5*h. Suppose 3*p + 0*j + 2*j - 111 = 0, -2*j + 76 = h*p. What are the prim